
7001
What is the highest common factor of 615311 and 42539?
59
Calculate the greatest common factor of 104974646 and 210.
14
Calculate the highest common factor of 344010457 and 749.
749
Calculate the highest common factor of 3220 and 102373460.
3220
What is the greatest common factor of 994 and 184996?
14
Calculate the highest common factor of 56712 and 2718006.
834
Calculate the greatest common divisor of 36 and 79008348.
12
Calculate the greatest common factor of 3987 and 29036878.
443
Calculate the highest common factor of 3949 and 1408088.
11
Calculate the highest common factor of 5115003 and 27.
3
Calculate the highest common divisor of 39434952 and 168.
24
What is the highest common factor of 336 and 10472931?
21
Calculate the greatest common divisor of 61643998 and 884.
26
What is the highest common factor of 2893533 and 6068859?
6873
What is the greatest common divisor of 48804710 and 453?
151
What is the highest common factor of 236886 and 2730?
78
What is the highest common divisor of 217221 and 165981?
183
Calculate the greatest common factor of 53596217 and 2677.
2677
Calculate the greatest common factor of 31990 and 148666.
14
Calculate the highest common factor of 23037 and 21819.
21
Calculate the highest common divisor of 5833 and 3523759.
19
What is the greatest common factor of 24240 and 329668848?
4848
Calculate the greatest common divisor of 800 and 2535350.
50
What is the highest common divisor of 21826 and 7168?
14
Calculate the greatest common divisor of 41587312 and 520.
104
Calculate the highest common factor of 265680 and 1371.
3
What is the greatest common factor of 4738349 and 1309?
77
What is the greatest common factor of 89 and 576364267?
89
What is the highest common divisor of 1003300320 and 2508?
2508
What is the greatest common factor of 1228164 and 2436?
84
What is the highest common factor of 2079 and 2900799?
297
What is the highest common divisor of 64650431 and 862?
431
Calculate the greatest common factor of 299084 and 788.
4
What is the greatest common factor of 137142 and 399?
57
Calculate the highest common factor of 26012 and 2324.
28
What is the greatest common factor of 28615964 and 13?
13
What is the greatest common factor of 195566090 and 185?
185
Calculate the highest common divisor of 34681231 and 3601.
3601
What is the greatest common factor of 8450 and 4277450?
50
Calculate the highest common factor of 12582432 and 27.
27
Calculate the greatest common divisor of 7354409 and 217.
31
What is the highest common divisor of 288 and 10314768?
48
What is the highest common factor of 87998 and 201664?
46
Calculate the greatest common factor of 193173 and 42123.
57
Calculate the highest common factor of 6 and 125658555.
3
What is the greatest common divisor of 622 and 179363030?
622
What is the greatest common factor of 78221 and 461121?
547
What is the highest common factor of 924 and 4947404?
308
Calculate the highest common divisor of 25 and 3455605.
5
What is the highest common factor of 1488388 and 704?
44
What is the greatest common divisor of 159 and 1377135?
3
Calculate the greatest common factor of 7041048 and 2184.
168
Calculate the highest common divisor of 103243 and 46741.
43
What is the greatest common factor of 267615 and 4275?
855
Calculate the greatest common divisor of 2206335 and 75.
15
Calculate the highest common factor of 9 and 144523332.
9
Calculate the greatest common factor of 11050170 and 63618.
2766
What is the highest common factor of 524 and 265070247?
131
What is the highest common factor of 99476280 and 9?
9
What is the greatest common divisor of 43934 and 73898?
22
What is the highest common factor of 6446 and 73898?
22
What is the greatest common divisor of 998598762 and 126?
126
What is the highest common divisor of 1780324 and 36?
4
What is the greatest common divisor of 22689316 and 5681?
299
What is the greatest common factor of 5493189 and 119769?
3237
What is the highest common divisor of 14944065 and 705?
15
What is the greatest common factor of 66 and 175483275?
33
Calculate the highest common factor of 72 and 77399052.
12
What is the greatest common factor of 11616115 and 280?
35
Calculate the greatest common factor of 4997217 and 6492.
1623
What is the greatest common factor of 2953846 and 33229?
707
What is the highest common factor of 136040163 and 21?
21
What is the highest common factor of 46618 and 29497?
13
What is the greatest common divisor of 18538 and 453146?
46
Calculate the greatest common factor of 1143 and 149987.
127
What is the greatest common divisor of 20735 and 959175?
145
Calculate the greatest common factor of 3994842 and 8090.
1618
What is the highest common divisor of 19964852 and 103131?
1637
What is the highest common factor of 2418 and 7364205?
93
Calculate the greatest common factor of 1170 and 1120096575.
585
Calculate the greatest common factor of 234 and 442581802.
26
Calculate the greatest common factor of 389197 and 922703.
4373
Calculate the highest common divisor of 135182324 and 46732.
6676
What is the greatest common factor of 9075 and 765?
15
What is the greatest common divisor of 399 and 2719299?
57
Calculate the greatest common divisor of 45 and 315219.
3
Calculate the greatest common divisor of 86597 and 456659.
623
Calculate the greatest common factor of 16 and 636551112.
8
Calculate the greatest common divisor of 11011 and 2603018.
11
What is the greatest common divisor of 105 and 6434127?
21
Calculate the highest common divisor of 351375 and 4625.
125
What is the highest common factor of 1627787 and 19418?
133
What is the greatest common factor of 1351845 and 17325?
495
What is the greatest common factor of 16932190 and 8690?
110
Calculate the greatest common factor of 729589092 and 3048.
1524
Calculate the greatest common divisor of 68669532 and 4644.
108
What is the highest common factor of 72 and 19479132?
36
Calculate the greatest common divisor of 14847254 and 298.
298
What is the greatest common divisor of 2699153 and 571063?
1531
What is the greatest common factor of 225 and 5716150?
25
Calculate the highest common factor of 242 and 8184539.
11
Calculate the greatest common factor of 20280632 and 5338.
314
Calculate the greatest common factor of 1408 and 4266592.
352
What is the greatest common divisor of 110 and 14272390?
110
Calculate the greatest common divisor of 194 and 18375292.
194
Calculate the highest common factor of 108776386 and 51966.
5774
Calculate the highest common divisor of 2136898540 and 140.
140
Calculate the greatest common divisor of 62 and 385589.
1
What is the greatest common factor of 104060076 and 4944?
1236
Calculate the highest common factor of 5820386 and 45331.
143
Calculate the greatest common divisor of 16780 and 3830.
10
What is the greatest common divisor of 8432 and 802944?
272
Calculate the greatest common factor of 140330 and 2305.
5
Calculate the highest common factor of 44461 and 1308901.
257
What is the highest common factor of 10 and 34179785?
5
Calculate the highest common divisor of 103483816 and 488.
488
What is the highest common divisor of 542830 and 2?
2
Calculate the highest common factor of 1436 and 25747480.
1436
What is the greatest common divisor of 3391593 and 51333?
723
Calculate the greatest common factor of 9126735 and 11310.
435
What is the highest common divisor of 17174953 and 178?
89
Calculate the greatest common divisor of 378 and 632274552.
378
Calculate the highest common divisor of 1075462 and 217891.
1999
What is the highest common factor of 794 and 19212418?
794
Calculate the highest common divisor of 1559 and 17076.
1
What is the greatest common divisor of 83008 and 7744?
64
Calculate the highest common factor of 530068 and 95543036.
6884
Calculate the highest common factor of 34338038 and 56.
14
Calculate the highest common factor of 22089028 and 15156.
1684
Calculate the highest common factor of 2730 and 289945110.
2730
Calculate the highest common divisor of 22480435 and 17185.
2455
What is the greatest common factor of 102847 and 2446676?
5413
What is the greatest common divisor of 120414 and 7320?
366
What is the highest common factor of 40156687 and 341?
31
What is the greatest common factor of 149096934 and 14130?
2826
What is the 